hen 728193 is divided by 837.
3
Calculate the remainder when 1843905 is divided by 1746.
129
Calculate the remainder when 17817627 is divided by 17817622.
5
What is the remainder when 117749 is divided by 3716?
2553
Calculate the remainder when 227931658 is divided by 4.
2
Calculate the remainder when 3485387 is divided by 3482.
3387
Calculate the remainder when 8682963 is divided by 65780.
3
Calculate the remainder when 3207275 is divided by 384.
107
What is the remainder when 1626404 is divided by 16?
4
What is the remainder when 5473458 is divided by 412?
38
What is the remainder when 45225 is divided by 1677?
1623
What is the remainder when 17188658 is divided by 543?
536
Calculate the remainder when 4694038 is divided by 1770.
1768
What is the remainder when 2054346 is divided by 3287?
3258
Calculate the remainder when 31275214 is divided by 12.
10
What is the remainder when 9862247 is divided by 19?
12
Calculate the remainder when 239775 is divided by 5115.
4485
Calculate the remainder when 1098343 is divided by 414.
1
What is the remainder when 805219 is divided by 161?
58
Calculate the remainder when 687369 is divided by 5328.
57
What is the remainder when 28564840 is divided by 1503411?
31
What is the remainder when 36444 is divided by 1931?
1686
Calculate the remainder when 851499 is divided by 212829.
183
Calculate the remainder when 363272 is divided by 2952.
176
Calculate the remainder when 755711 is divided by 385.
341
Calculate the remainder when 44702142 is divided by 27.
24
What is the remainder when 1715463 is divided by 428834?
127
What is the remainder when 5589375 is divided by 70?
15
Calculate the remainder when 118067 is divided by 105.
47
What is the remainder when 5225270 is divided by 2304?
2102
Calculate the remainder when 1363665 is divided by 805.
800
What is the remainder when 1151516 is divided by 201?
188
Calculate the remainder when 3526182 is divided by 31.
25
What is the remainder when 700845 is divided by 233596?
57
What is the remainder when 14284381 is divided by 60527?
9
Calculate the remainder when 22804968 is divided by 1200260.
28
Calculate the remainder when 6130193 is divided by 1226006.
163
What is the remainder when 495537 is divided by 7079?
7
Calculate the remainder when 150092 is divided by 774.
710
Calculate the remainder when 1651150 is divided by 412354.
1734
What is the remainder when 1096485 is divided by 595?
495
What is the remainder when 1053616 is divided by 525903?
1810
Calculate the remainder when 8983754 is divided by 15.
14
What is the remainder when 1467371 is divided by 69874?
17
What is the remainder when 26798082 is divided by 834?
828
What is the remainder when 1253423 is divided by 25580?
3
Calculate the remainder when 4659038 is divided by 27.
26
Calculate the remainder when 77300795 is divided by 40.
35
Calculate the remainder when 177461 is divided by 5217.
83
Calculate the remainder when 70486 is divided by 34940.
606
Calculate the remainder when 450623157 is divided by 15.
12
What is the remainder when 2334183 is divided by 2966?
2907
What is the remainder when 1417344 is divided by 88569?
240
Calculate the remainder when 520219 is divided by 43286.
787
Calculate the remainder when 1055871 is divided by 5175.
171
What is the remainder when 7640439 is divided by 2223?
2211
What is the remainder when 214047 is divided by 191?
127
What is the remainder when 139693977 is divided by 15?
12
Calculate the remainder when 364451 is divided by 19140.
791
Calculate the remainder when 5568190 is divided by 1051.
1043
What is the remainder when 5739872 is divided by 59?
57
What is the remainder when 5161335 is divided by 117?
114
What is the remainder when 791462 is divided by 369?
326
Calculate the remainder when 682264 is divided by 68213.
134
Calculate the remainder when 26153040 is divided by 637879.
1
What is the remainder when 58166 is divided by 57062?
1104
Calculate the remainder when 4565748 is divided by 71339.
52
Calculate the remainder when 3921487 is divided by 206392.
39
Calculate the remainder when 7403887 is divided by 20974.
65
Calculate the remainder when 3025426 is divided by 17.
4
Calculate the remainder when 57794206 is divided by 10.
6
What is the remainder when 22280574 is divided by 691?
661
What is the remainder when 246111391 is divided by 50?
41
Calculate the remainder when 383112 is divided by 31903.
276
Calculate the remainder when 4265662 is divided by 193888.
126
What is the remainder when 4124915 is divided by 242642?
1
Calculate the remainder when 5453663 is divided by 2726829.
5
What is the remainder when 4762491 is divided by 5525?
5466
What is the remainder when 20617 is divided by 8883?
2851
What is the remainder when 328373 is divided by 1943?
6
Calculate the remainder when 14030858 is divided by 2716.
2
What is the remainder when 1209332 is divided by 14?
12
What is the remainder when 933208 is divided by 466599?
10
Calculate the remainder when 10162421 is divided by 13478.
9
Calculate the remainder when 24073448 is divided by 44498.
30
What is the remainder when 12479742 is divided by 111426?
30
Calculate the remainder when 24291425 is divided by 12.
5
What is the remainder when 157330 is divided by 21?
19
Calculate the remainder when 41893302 is divided by 79.
76
Calculate the remainder when 144577 is divided by 5403.
4099
What is the remainder when 4254523 is divided by 850903?
8
Calculate the remainder when 598701 is divided by 149514.
645
What is the remainder when 588949 is divided by 8?
5
What is the remainder when 538725 is divided by 107684?
305
Calculate the remainder when 88715 is divided by 29113.
1376
What is the remainder when 323644 is divided by 4903?
46
Calculate the remainder when 221155 is divided by 34.
19
What is the remainder when 1365990 is divided by 50592?
6
Calculate the remainder when 12142858 is divided by 97.
10
What is the remainder when 6757683 is divided by 3324?
3315
Calculate the remainder when 101185257 is divided by 87.
81
What is the remainder when 62908696 is divided by 15850?
46
What is the remainder when 59923 is divided by 1222?
45
What is the remainder when 1949944 is divided by 8193?
10
Calculate the remainder when 13628 is divided by 569.
541
What is the remainder when 3084176 is divided by 616788?
236
Calculate the remainder when 6535333 is divided by 16.
5
What is the remainder when 1512445 is divided by 26529?
292
What is the remainder when 18142 is divided by 1060?
122
What is the remainder when 751213 is divided by 32636?
585
Calculate the remainder when 324076 is divided by 2818.
6
What is the remainder when 64969 is divided by 178?
177
What is the remainder when 114652 is divided by 874?
158
What is the remainder when 475477069 is divided by 1858?
5
What is the remainder when 253157 is divided by 61?
7
Calculate the remainder when 38430975 is divided by 17.
10
What is the remainder when 7178676 is divided by 9?
6
Calculate the remainder when 2460091 is divided by 4.
3
Calculate the remainder when 11739053 is divided by 7.
4
Calculate the remainder when 699434981 is divided by 13.
11
Calculate the remainder when 5648944 is divided by 100874.
0
What is the remainder when 53380755 is divided by 85?
75
What is the remainder when 1822683 is divided by 55222?
357
What is the remainder when 1452846 is divided by 1316?
1298
What is the remainder when 96138524 is divided by 20?
4
What is the remainder when 152674 is divided by 25434?
70
Calculate the remainder when 10561 is divided by 4529.
1503
Calculate the remainder when 17285189 is divided by 110.
9
What is the remainder when 160070 is divided by 90?
50
What is the remainder when 3639971 is divided by 4323?
5
What is the remainder when 55274 is divided by 30?
14
What is the remainder when 2920431 is divided by 479?
447
Calculate the remainder when 4934 is divided by 617.
615
Calculate the remainder when 362893249 is divided by 51841892.
5
Calculate the remainder when 52912 is divided by 22.
2
Calculate the remainder when 154323559 is divided by 1978.
1977
Calculate the remainder when 128452 is divided by 1074.
646
What is the remainder when 950023 is divided by 1443?
529
Calculate the remainder when 18763785 is divided by 19.
12
Calculate the rem